{"id":43,"date":"2017-03-14T08:37:03","date_gmt":"2017-03-14T08:37:03","guid":{"rendered":"http:\/\/freitagsworte.de\/?page_id=43"},"modified":"2017-03-14T11:14:02","modified_gmt":"2017-03-14T11:14:02","slug":"kontakt","status":"publish","type":"page","link":"https:\/\/freitagsworte.de\/index.php\/kontakt\/","title":{"rendered":"Kontakt"},"content":{"rendered":"<p>Nutzen Sie f\u00fcr Anfragen, Anregungen und Kritik an die Redaktion unser Kontaktformular:<\/p>\n<div id='contact-form-43'>\n<form action='https:\/\/freitagsworte.de\/index.php\/kontakt\/#contact-form-43' method='post' class='contact-form commentsblock'>\n<script>\n\t\t\t( function () {\n\t\t\t\tconst contact_forms = document.getElementsByClassName('contact-form');\n\n\t\t\t\tfor ( const form of contact_forms ) {\n\t\t\t\t\tform.onsubmit = function() {\n\t\t\t\t\t\tconst buttons = form.getElementsByTagName('button');\n\n\t\t\t\t\t\tfor( const button of buttons ) {\n\t\t\t\t\t\t\tbutton.setAttribute('disabled', true);\n\t\t\t\t\t\t}\n\t\t\t\t\t}\n\t\t\t\t}\n\t\t\t} )();\n\t\t<\/script>\n<div class='grunion-field-wrap grunion-field-name-wrap'  >\n<label\n\t\t\t\tfor='g43-name'\n\t\t\t\tclass='grunion-field-label name'\n\t\t\t\t>Name<span>(erforderlich)<\/span><\/label>\n<input\n\t\t\t\t\ttype='text'\n\t\t\t\t\tname='g43-name'\n\t\t\t\t\tid='g43-name'\n\t\t\t\t\tvalue=''\n\t\t\t\t\tclass='name' \n\t\t\t\t\trequired aria-required='true'\n\t\t\t\t\/>\n\t<\/div>\n\n<div class='grunion-field-wrap grunion-field-email-wrap'  >\n<label\n\t\t\t\tfor='g43-email'\n\t\t\t\tclass='grunion-field-label email'\n\t\t\t\t>E-Mail<span>(erforderlich)<\/span><\/label>\n<input\n\t\t\t\t\ttype='email'\n\t\t\t\t\tname='g43-email'\n\t\t\t\t\tid='g43-email'\n\t\t\t\t\tvalue=''\n\t\t\t\t\tclass='email' \n\t\t\t\t\trequired aria-required='true'\n\t\t\t\t\/>\n\t<\/div>\n\n<div class='grunion-field-wrap grunion-field-url-wrap'  >\n<label\n\t\t\t\tfor='g43-website'\n\t\t\t\tclass='grunion-field-label url'\n\t\t\t\t>Website<\/label>\n<input\n\t\t\t\t\ttype='url'\n\t\t\t\t\tname='g43-website'\n\t\t\t\t\tid='g43-website'\n\t\t\t\t\tvalue=''\n\t\t\t\t\tclass='url' \n\t\t\t\t\t\n\t\t\t\t\/>\n\t<\/div>\n\n<div class='grunion-field-wrap grunion-field-textarea-wrap'  >\n<label\n\t\t\t\tfor='contact-form-comment-g43-kommentar'\n\t\t\t\tclass='grunion-field-label textarea'\n\t\t\t\t>Kommentar<span>(erforderlich)<\/span><\/label>\n<textarea\n\t\t                name='g43-kommentar'\n\t\t                id='contact-form-comment-g43-kommentar'\n\t\t                rows='20' class='textarea'  required aria-required='true'><\/textarea>\n\t<\/div>\n\r\n\r\n<div class=\"si_captcha_small\"><img id=\"si_image_jetpack\" src=\"https:\/\/freitagsworte.de\/wp-content\/plugins\/si-captcha-for-wordpress\/captcha\/securimage_show.php?si_sm_captcha=1&amp;si_form_id=jetpack&amp;prefix=u7Td70MkT0NMHQ2A\" width=\"132\" height=\"45\" alt=\"CAPTCHA\" title=\"CAPTCHA\" \/>\n    <input id=\"si_code_jetpack\" name=\"si_code_jetpack\" type=\"hidden\"  value=\"u7Td70MkT0NMHQ2A\" \/>\n    <div id=\"si_refresh_jetpack\">\n<a href=\"#\" rel=\"nofollow\" title=\"Refresh\" onclick=\"si_captcha_refresh('si_image_jetpack','jetpack','\/wp-content\/plugins\/si-captcha-for-wordpress\/captcha','https:\/\/freitagsworte.de\/wp-content\/plugins\/si-captcha-for-wordpress\/captcha\/securimage_show.php?si_sm_captcha=1&amp;si_form_id=jetpack&amp;prefix='); return false;\">\n      <img class=\"si_captcha_refresh\" src=\"https:\/\/i0.wp.com\/freitagsworte.de\/wp-content\/plugins\/si-captcha-for-wordpress\/captcha\/images\/refresh.png?resize=22%2C20&#038;ssl=1\" width=\"22\" height=\"20\" alt=\"Refresh\" onclick=\"this.blur();\" data-recalc-dims=\"1\" \/><\/a>\r\n  <\/div>\r\n  <\/div>\r\n\r\n<div>\r\n<br \/>\r\n <label>CAPTCHA Code<br \/>\r\n<input id=\"si_captcha_code\" name=\"si_captcha_code\" class=\"input\" type=\"text\" value=\"\" \/><\/label>\r\n<\/div>\r\n\r\n\r\n        \t<p class='contact-submit'>\n\t\t<button type='submit' class='pushbutton-wide'>Senden<\/button>\t\t<input type='hidden' name='contact-form-id' value='43' \/>\n\t\t<input type='hidden' name='action' value='grunion-contact-form' \/>\n\t\t<input type='hidden' name='contact-form-hash' value='18c9d2b70f079acf42c21287cf8c67a381127f35' \/>\n\t<\/p>\n<p style=\"display: none !important;\"><label>&#916;<textarea name=\"ak_hp_textarea\" cols=\"45\" rows=\"8\" maxlength=\"100\"><\/textarea><\/label><input type=\"hidden\" id=\"ak_js_1\" name=\"ak_js\" value=\"150\"\/><script>document.getElementById( \"ak_js_1\" ).setAttribute( \"value\", ( new Date() ).getTime() );<\/script><\/p><\/form>\n<\/div>\n","protected":false},"excerpt":{"rendered":"<p>Nutzen Sie f\u00fcr Anfragen, Anregungen und Kritik an die Redaktion unser Kontaktformular:<\/p>\n","protected":false},"author":6,"featured_media":0,"parent":0,"menu_order":0,"comment_status":"closed","ping_status":"closed","template":"","meta":{"spay_email":""},"jetpack_sharing_enabled":true,"jetpack_shortlink":"https:\/\/wp.me\/P8tv7g-H","jetpack-related-posts":[{"id":12,"url":"https:\/\/freitagsworte.de\/index.php\/impressum-datenschutz\/","url_meta":{"origin":43,"position":0},"title":"Impressum","date":"7. M\u00e4rz 2017","format":false,"excerpt":"Impressum: Freitagsworte.de ist ein Format der Alhambra Gesellschaft e.V. Postfach 68 02 22, 50705 K\u00f6ln Verantwortliche f\u00fcr den Inhalt (gem. \u00a7 55 Abs. 2 RStV): Eren G\u00fcvercin Engin Karahan Autoren: ab: Ali Ba\u015f as: Ayd\u0131n S\u00fcer eg: Eren G\u00fcvercin ek: Engin Karahan mk: Murat Kayman ns: Nimet \u015eeker sbk: \u015eeng\u00fcl\u2026","rel":"","context":"\u00c4hnlicher Beitrag","img":{"alt_text":"","src":"","width":0,"height":0},"classes":[]}],"_links":{"self":[{"href":"https:\/\/freitagsworte.de\/index.php\/wp-json\/wp\/v2\/pages\/43"}],"collection":[{"href":"https:\/\/freitagsworte.de\/index.php\/wp-json\/wp\/v2\/pages"}],"about":[{"href":"https:\/\/freitagsworte.de\/index.php\/wp-json\/wp\/v2\/types\/page"}],"author":[{"embeddable":true,"href":"https:\/\/freitagsworte.de\/index.php\/wp-json\/wp\/v2\/users\/6"}],"replies":[{"embeddable":true,"href":"https:\/\/freitagsworte.de\/index.php\/wp-json\/wp\/v2\/comments?post=43"}],"version-history":[{"count":1,"href":"https:\/\/freitagsworte.de\/index.php\/wp-json\/wp\/v2\/pages\/43\/revisions"}],"predecessor-version":[{"id":44,"href":"https:\/\/freitagsworte.de\/index.php\/wp-json\/wp\/v2\/pages\/43\/revisions\/44"}],"wp:attachment":[{"href":"https:\/\/freitagsworte.de\/index.php\/wp-json\/wp\/v2\/media?parent=43"}],"curies":[{"name":"wp","href":"https:\/\/api.w.org\/{rel}","templated":true}]}}