{"id":12,"date":"2017-03-07T22:59:24","date_gmt":"2017-03-07T22:59:24","guid":{"rendered":"http:\/\/freitagsworte.de\/?page_id=12"},"modified":"2020-12-24T22:41:43","modified_gmt":"2020-12-24T21:41:43","slug":"impressum-datenschutz","status":"publish","type":"page","link":"https:\/\/freitagsworte.de\/index.php\/impressum-datenschutz\/","title":{"rendered":"Impressum"},"content":{"rendered":"<h1>Impressum:<\/h1>\n<p><a href=\"http:\/\/www.freitagsworte.de\">Freitagsworte.de<\/a> ist ein Format der<\/p>\n<p>Alhambra Gesellschaft e.V.<br \/>\nPostfach 68 02 22, 50705 K\u00f6ln<\/p>\n<p><a href=\"http:\/\/www.alhambra-gesellschaft.de\"><img data-attachment-id=\"593\" data-permalink=\"https:\/\/freitagsworte.de\/index.php\/impressum-datenschutz\/alhambra-gesellschaft-logo-schmal2\/\" data-orig-file=\"https:\/\/i0.wp.com\/freitagsworte.de\/wp-content\/uploads\/2018\/04\/Alhambra-Gesellschaft-Logo-schmal2.png?fit=872%2C160&amp;ssl=1\" data-orig-size=\"872,160\" data-comments-opened=\"0\" data-image-meta=\"{&quot;aperture&quot;:&quot;0&quot;,&quot;credit&quot;:&quot;&quot;,&quot;camera&quot;:&quot;&quot;,&quot;caption&quot;:&quot;&quot;,&quot;created_timestamp&quot;:&quot;0&quot;,&quot;copyright&quot;:&quot;&quot;,&quot;focal_length&quot;:&quot;0&quot;,&quot;iso&quot;:&quot;0&quot;,&quot;shutter_speed&quot;:&quot;0&quot;,&quot;title&quot;:&quot;&quot;,&quot;orientation&quot;:&quot;0&quot;}\" data-image-title=\"Alhambra Gesellschaft Logo schmal2\" data-image-description=\"\" data-image-caption=\"\" data-medium-file=\"https:\/\/i0.wp.com\/freitagsworte.de\/wp-content\/uploads\/2018\/04\/Alhambra-Gesellschaft-Logo-schmal2.png?fit=300%2C55&amp;ssl=1\" data-large-file=\"https:\/\/i0.wp.com\/freitagsworte.de\/wp-content\/uploads\/2018\/04\/Alhambra-Gesellschaft-Logo-schmal2.png?fit=750%2C138&amp;ssl=1\" loading=\"lazy\" class=\"wp-image-593 size-full alignnone\" src=\"https:\/\/i0.wp.com\/freitagsworte.de\/wp-content\/uploads\/2018\/04\/Alhambra-Gesellschaft-Logo-schmal2.png?resize=750%2C138\" alt=\"\" width=\"750\" height=\"138\" srcset=\"https:\/\/i0.wp.com\/freitagsworte.de\/wp-content\/uploads\/2018\/04\/Alhambra-Gesellschaft-Logo-schmal2.png?w=872&amp;ssl=1 872w, https:\/\/i0.wp.com\/freitagsworte.de\/wp-content\/uploads\/2018\/04\/Alhambra-Gesellschaft-Logo-schmal2.png?resize=300%2C55&amp;ssl=1 300w, https:\/\/i0.wp.com\/freitagsworte.de\/wp-content\/uploads\/2018\/04\/Alhambra-Gesellschaft-Logo-schmal2.png?resize=768%2C141&amp;ssl=1 768w\" sizes=\"(max-width: 750px) 100vw, 750px\" data-recalc-dims=\"1\" \/><\/a><\/p>\n<p><strong>Verantwortliche f\u00fcr den Inhalt (gem. \u00a7 55 Abs. 2 RStV):<\/strong><\/p>\n<p>Eren G\u00fcvercin<br \/>\nEngin Karahan<\/p>\n<p><strong><span style=\"color: #000000;\">Autoren:<\/span><\/strong><\/p>\n<p>ab: Ali Ba\u015f<br \/>\nas: Ayd\u0131n S\u00fcer<br \/>\neg: Eren G\u00fcvercin<br \/>\nek: Engin Karahan<br \/>\nmk: Murat Kayman<br \/>\nns: Nimet \u015eeker<br \/>\nsbk: \u015eeng\u00fcl Batman Kuma\u015f<\/p>\n<hr \/>\n<h2>Disclaimer \u2013 rechtliche Hinweise<\/h2>\n<p>\u00a7 1 Haftungsbeschr\u00e4nkung<br \/>\nDie Inhalte dieser Website werden mit gr\u00f6\u00dftm\u00f6glicher Sorgfalt erstellt. Der\u00a0Anbieter \u00fcbernimmt jedoch keine Gew\u00e4hr f\u00fcr die Richtigkeit, Vollst\u00e4ndigkeit\u00a0und Aktualit\u00e4t der bereitgestellten Inhalte. Die Nutzung der Inhalte der\u00a0Website erfolgt auf eigene Gefahr des Nutzers. Namentlich gekennzeichnete\u00a0Beitr\u00e4ge geben die Meinung des jeweiligen Autors und nicht immer die Meinung\u00a0des Anbieters wieder. Mit der reinen Nutzung der Website des Anbieters kommt\u00a0keinerlei Vertragsverh\u00e4ltnis zwischen dem Nutzer und dem Anbieter zustande.<\/p>\n<p>\u00a7 2 Externe Links<br \/>\nDiese Website enth\u00e4lt Verkn\u00fcpfungen zu Websites Dritter (\u201eexterne Links\u201c).\u00a0Diese Websites unterliegen der Haftung der jeweiligen Betreiber. Der\u00a0Anbieter hat bei der erstmaligen Verkn\u00fcpfung der externen Links die fremden\u00a0Inhalte daraufhin \u00fcberpr\u00fcft, ob etwaige Rechtsverst\u00f6\u00dfe bestehen. Zu dem\u00a0Zeitpunkt waren keine Rechtsverst\u00f6\u00dfe ersichtlich. Der Anbieter hat keinerlei\u00a0Einfluss auf die aktuelle und zuk\u00fcnftige Gestaltung und auf die Inhalte der\u00a0verkn\u00fcpften Seiten. Das Setzen von externen Links bedeutet nicht, dass sich\u00a0der Anbieter die hinter dem Verweis oder Link liegenden Inhalte zu Eigen\u00a0macht. Eine st\u00e4ndige Kontrolle der externen Links ist f\u00fcr den Anbieter ohne\u00a0konkrete Hinweise auf Rechtsverst\u00f6\u00dfe nicht zumutbar. Bei Kenntnis von\u00a0Rechtsverst\u00f6\u00dfen werden jedoch derartige externe Links unverz\u00fcglich gel\u00f6scht.<\/p>\n<p>\u00a7 3 Urheber- und Leistungsschutzrechte<br \/>\nDie auf dieser Website ver\u00f6ffentlichten Inhalte unterliegen dem deutschen\u00a0Urheber- und Leistungsschutzrecht. Jede vom deutschen Urheber- und\u00a0Leistungsschutzrecht nicht zugelassene Verwertung bedarf der vorherigen\u00a0schriftlichen Zustimmung des Anbieters oder jeweiligen Rechteinhabers. Dies\u00a0gilt insbesondere f\u00fcr Vervielf\u00e4ltigung, Bearbeitung, \u00dcbersetzung,\u00a0Einspeicherung, Verarbeitung bzw. Wiedergabe von Inhalten in Datenbanken\u00a0oder anderen elektronischen Medien und Systemen. Inhalte und Rechte Dritter\u00a0sind dabei als solche gekennzeichnet. Die unerlaubte Vervielf\u00e4ltigung oder\u00a0Weitergabe einzelner Inhalte oder kompletter Seiten ist nicht gestattet und\u00a0strafbar. Lediglich die Herstellung von Kopien und Downloads f\u00fcr den\u00a0pers\u00f6nlichen, privaten und nicht kommerziellen Gebrauch ist erlaubt.<\/p>\n<p>Die Darstellung dieser Website in fremden Frames ist nur mit schriftlicher Erlaubnis zul\u00e4ssig.<\/p>\n<p>\u00a7 4 Besondere Nutzungsbedingungen<br \/>\nSoweit besondere Bedingungen f\u00fcr einzelne Nutzungen dieser Website von den\u00a0vorgenannten Paragraphen abweichen, wird an entsprechender Stelle\u00a0ausdr\u00fccklich darauf hingewiesen. In diesem Falle gelten im jeweiligen\u00a0Einzelfall die besonderen Nutzungsbedingungen.<\/p>\n<h1>Datenschutz:<\/h1>\n<p>Nachfolgend m\u00f6chten wir Sie \u00fcber unsere Datenschutzerkl\u00e4rung informieren. Sie finden hier Informationen \u00fcber die Erhebung und Verwendung pers\u00f6nlicher Daten bei der Nutzung unserer Webseite. Wir beachten dabei das f\u00fcr Deutschland geltende Datenschutzrecht. Sie k\u00f6nnen diese Erkl\u00e4rung jederzeit auf unserer Webseite abrufen.<\/p>\n<p>Wir weisen ausdr\u00fccklich darauf hin, dass die Daten\u00fcbertragung im Internet (z.B. bei der Kommunikation per E-Mail) Sicherheitsl\u00fccken aufweisen und nicht l\u00fcckenlos vor dem Zugriff durch Dritte gesch\u00fctzt werden kann.<\/p>\n<p>Die Verwendung der Kontaktdaten unseres Impressums zur gewerblichen Werbung ist ausdr\u00fccklich nicht erw\u00fcnscht, es sei denn wir hatten zuvor unsere schriftliche Einwilligung erteilt oder es besteht bereits eine Gesch\u00e4ftsbeziehung. Der Anbieter und alle auf dieser Website genannten Personen widersprechen hiermit jeder kommerziellen Verwendung und Weitergabe ihrer Daten.<\/p>\n<h4>Cookies und Meldungen zu Zugriffszahlen<\/h4>\n<p>Wir setzen \u201eSession-Cookies\u201c der VG Wort, M\u00fcnchen, zur Messung von Zugriffen auf Texten ein, um die Kopierwahrscheinlichkeit zu erfassen. Session-Cookies sind kleine Informationseinheiten, die ein Anbieter im Arbeitsspeicher des Computers des Besuchers speichert. In einem Session-Cookie wird eine zuf\u00e4llig erzeugte eindeutige Identifikationsnummer abgelegt, eine sogenannte Session-ID. Au\u00dferdem enth\u00e4lt ein Cookie die Angabe \u00fcber seine Herkunft und die Speicherfrist. Session-Cookies k\u00f6nnen keine anderen Daten speichern. Diese Messungen werden von der INFOnline GmbH nach dem Skalierbaren Zentralen Messverfahren (SZM) durchgef\u00fchrt. Sie helfen dabei, die Kopierwahrscheinlichkeit einzelner Texte zur Verg\u00fctung von gesetzlichen Anspr\u00fcchen von Autoren und Verlagen zu ermitteln. Wir erfassen keine personenbezogenen Daten \u00fcber Cookies.<\/p>\n<p>Viele unserer Seiten sind mit JavaScript-Aufrufen versehen, \u00fcber die wir die Zugriffe an die Verwertungsgesellschaft Wort (VG Wort) melden. Wir erm\u00f6glichen damit, dass unsere Autoren an den Aussch\u00fcttungen der VG Wort partizipieren, die die gesetzliche Verg\u00fctung f\u00fcr die Nutzungen urheberrechtlich gesch\u00fctzter Werke gem. \u00a7 53 UrhG sicherstellen.<\/p>\n<p>Eine Nutzung unserer Angebote ist auch ohne Cookies m\u00f6glich. Die meisten Browser sind so eingestellt, dass sie Cookies automatisch akzeptieren. Sie k\u00f6nnen das Speichern von Cookies jedoch deaktivieren oder Ihren Browser so einstellen, dass er Sie benachrichtigt, sobald Cookies gesendet werden.<\/p>\n<h4>Datenschutzerkl\u00e4rung zur Nutzung des Skalierbaren Zentralen Messverfahrens<\/h4>\n<p>Unsere Website und unser mobiles Webangebot nutzen das \u201eSkalierbare Zentrale Messverfahren\u201c (SZM) der INFOnline GmbH (https:\/\/www.infonline.de) f\u00fcr die Ermittlung statistischer Kennwerte zur Ermittlung der Kopierwahrscheinlichkeit von Texten.<\/p>\n<p>Dabei werden anonyme Messwerte erhoben. Die Zugriffszahlenmessung verwendet zur Wiedererkennung von Computersystemen alternativ ein Session-Cookie oder eine Signatur, die aus verschiedenen automatisch \u00fcbertragenen Informationen Ihres Browsers erstellt wird. IP-Adressen werden nur in anonymisierter Form verarbeitet.<\/p>\n<p>Das Verfahren wurde unter der Beachtung des Datenschutzes entwickelt. Einziges Ziel des Verfahrens ist es, die Kopierwahrscheinlichkeit einzelner Texte zu ermitteln.<\/p>\n<p>Zu keinem Zeitpunkt werden einzelne Nutzer identifiziert. Ihre Identit\u00e4t bleibt immer gesch\u00fctzt. Sie erhalten \u00fcber das System keine Werbung.<\/p>\n<p><strong>Personenbezogene Daten<\/strong><\/p>\n<p>Sie k\u00f6nnen unsere Webseite ohne Angabe personenbezogener Daten besuchen. Soweit auf unseren Seiten personenbezogene Daten (wie Name, Anschrift oder E-Mail Adresse) erhoben werden, erfolgt dies, soweit m\u00f6glich, auf freiwilliger Basis. Diese Daten werden ohne Ihre ausdr\u00fcckliche Zustimmung nicht an Dritte weitergegeben. Sofern zwischen Ihnen und uns ein Vertragsverh\u00e4ltnis begr\u00fcndet, inhaltlich ausgestaltet oder ge\u00e4ndert werden soll oder Sie an uns eine Anfrage stellen, erheben und verwenden wir personenbezogene Daten von Ihnen, soweit dies zu diesen Zwecken erforderlich ist (Bestandsdaten). Wir erheben, verarbeiten und nutzen personenbezogene Daten soweit dies erforderlich ist, um Ihnen die Inanspruchnahme des Webangebots zu erm\u00f6glichen (Nutzungsdaten). S\u00e4mtliche personenbezogenen Daten werden nur solange gespeichert wie dies f\u00fcr den geannten Zweck (Bearbeitung Ihrer Anfrage oder Abwicklung eines Vertrags) erforderlich ist. Hierbei werden steuer- und handelsrechtliche Aufbewahrungsfristen ber\u00fccksichtigt. Auf Anordnung der zust\u00e4ndigen Stellen d\u00fcrfen wir im Einzelfall Auskunft \u00fcber diese Daten (Bestandsdaten) erteilen, soweit dies f\u00fcr Zwecke der Strafverfolgung, zur Gefahrenabwehr, zur Erf\u00fcllung der gesetzlichen Aufgaben der Verfassungsschutzbeh\u00f6rden oder des Milit\u00e4rischen Abschirmdienstes oder zur Durchsetzung der Rechte am geistigen Eigentum erforderlich ist.<\/p>\n<p><strong>Kommentarfunktionen<\/strong><br \/>\nIm Rahmen der Kommentarfunktion erheben wir personenbezogene Daten (z.B. Name, E-Mail) im Rahmen Ihrer Kommentierung zu einem Beitrag nur in dem Umfang wie Sie ihn uns mitgeteilt haben. Bei der Ver\u00f6ffentlichung eines Kommentars wird die von Ihnen angegebene Email-Adresse gespeichert, aber nicht ver\u00f6ffentlicht. Ihr Name wird ver\u00f6ffentlich, wenn Sie nicht unter Pseudonym geschrieben haben.<\/p>\n<p><strong>Datenschutzerkl\u00e4rung f\u00fcr den Webanalysedienst Google Analytics<\/strong><br \/>\nDiese Website benutzt Google Analytics, einen Webanalysedienst der Google Inc. (\u201eGoogle\u201c). Google Analytics verwendet sog. \u201eCookies\u201c, Textdateien, die auf Ihrem Computer gespeichert werden und die eine Analyse der Benutzung der Website durch Sie erm\u00f6glichen. Die durch den Cookie erzeugten Informationen \u00fcber Ihre Benutzung dieser Website werden in der Regel an einen Server von Google in den USA \u00fcbertragen und dort gespeichert. Wir haben die IP-Anonymisierung aktiviert. Auf dieser Webseite wird Ihre IP-Adresse von Google daher innerhalb von Mitgliedstaaten der Europ\u00e4ischen Union oder in anderen Vertragsstaaten des Abkommens \u00fcber den Europ\u00e4ischen Wirtschaftsraum zuvor gek\u00fcrzt. Nur in Ausnahmef\u00e4llen wird die volle IP-Adresse an einen Server von Google in den USA \u00fcbertragen und dort gek\u00fcrzt. Im Auftrag des Betreibers dieser Website wird Google diese Informationen benutzen, um Ihre Nutzung der Website auszuwerten, um Reports \u00fcber die Websiteaktivit\u00e4ten zusammenzustellen und um weitere mit der Websitenutzung und der Internetnutzung verbundene Dienstleistungen gegen\u00fcber dem Websitebetreiber zu erbringen. Die im Rahmen von Google Analytics von Ihrem Browser \u00fcbermittelte IP-Adresse wird nicht mit anderen Daten von Google zusammengef\u00fchrt. Sie k\u00f6nnen die Speicherung der Cookies durch eine entsprechende Einstellung Ihrer Browser-Software verhindern; wir weisen Sie jedoch darauf hin, dass Sie in diesem Fall gegebenenfalls nicht s\u00e4mtliche Funktionen dieser Website vollumf\u00e4nglich werden nutzen k\u00f6nnen. Sie k\u00f6nnen dar\u00fcber hinaus die Erfassung der durch das Cookie erzeugten und auf Ihre Nutzung der Website bezogenen Daten (inkl. Ihrer IP-Adresse) an Google sowie die Verarbeitung dieser Daten durch Google verhindern, indem sie das unter dem folgenden Link verf\u00fcgbare Browser-Plugin herunterladen und installieren: <a href=\"http:\/\/tools.google.com\/dlpage\/gaoptout?hl=de\" rel=\"nofollow\">http:\/\/tools.google.com\/dlpage\/gaoptout?hl=de<\/a><\/p>\n<p><strong>Datenschutzerkl\u00e4rung f\u00fcr die Nutzung von dem Webmessagedienst twitter.com<\/strong><br \/>\nWir haben auf unserer Webseite auch den Webmessagedienst twitter.com integriert. Dieser wird durch die Twitter Inc., 1355 Market St, Suite 900, San Francisco, CA 94103, USA bereitgestellt. Twitter bietet die sog. \u201eTweet\u201c \u2013 Funktion an. Damit kann man 140 Zeichen lange Nachrichten auch mit Webseitenlinks in seinem eigenen Twitteraccount ver\u00f6ffentlichen. Wenn Sie die \u201eTweet\u201c-Funktion von Twitter auf unseren Webseiten nutzen, wird die jeweilige Webseite mit Ihrem Account auf Twitter verkn\u00fcpft und dort ggf. \u00f6ffentlich bekannt gegeben. Hierbei werden auch Daten an Twitter \u00fcbertragen.<br \/>\nVon dem Inhalt der \u00fcbermittelten Daten und deren Nutzung durch Twitter erhalten wir keine Kenntnis. Konsultieren Sie daher f\u00fcr weitere Informationen die Datenschutzerkl\u00e4rung von Twitter: <a href=\"http:\/\/twitter.com\/privacy\" rel=\"nofollow\">http:\/\/twitter.com\/privacy<\/a><br \/>\nTwitter bietet Ihnen unter nachfolgendem Link die M\u00f6glichkeit, Ihre Datenschutzeinstellungen selbst festzulegen: <a href=\"http:\/\/twitter.com\/account\/settings\" rel=\"nofollow\">http:\/\/twitter.com\/account\/settings<\/a>.<\/p>\n<p><strong>Auskunftsrecht<\/strong><br \/>\nSie haben das jederzeitige Recht, sich unentgeltlich und unverz\u00fcglich \u00fcber die zu Ihrer Person erhobenen Daten zu erkundigen. Sie haben das jederzeitige Recht, Ihre Zustimmung zur Verwendung Ihrer angegeben pers\u00f6nlichen Daten mit Wirkung f\u00fcr die Zukunft zu widerrufen. Zur Auskunftserteilung wenden Sie sich bitte an den Anbieter unter den Kontaktdaten im Impressum.<\/p>\n","protected":false},"excerpt":{"rendered":"<p>Impressum: Freitagsworte.de ist ein Format der Alhambra Gesellschaft e.V. Postfach 68 02 22, 50705 K\u00f6ln Verantwortliche f\u00fcr den Inhalt (gem. \u00a7 55 Abs. 2 RStV): Eren G\u00fcvercin Engin Karahan Autoren: ab: Ali Ba\u015f as: Ayd\u0131n S\u00fcer eg: Eren G\u00fcvercin ek: Engin Karahan mk: Murat Kayman ns: Nimet \u015eeker sbk: \u015eeng\u00fcl Batman Kuma\u015f Disclaimer \u2013 rechtliche&hellip; <\/p>\n<p class=\"simppeli-read-more\"><a href=\"https:\/\/freitagsworte.de\/index.php\/impressum-datenschutz\/\" class=\"more-link\">Weiterlesen <span class=\"screen-reader-text\">Impressum<\/span> <span class=\"meta-nav\">&rarr;<\/span><\/a><\/p>\n","protected":false},"author":6,"featured_media":0,"parent":0,"menu_order":0,"comment_status":"closed","ping_status":"closed","template":"","meta":{"spay_email":""},"jetpack_sharing_enabled":true,"jetpack_shortlink":"https:\/\/wp.me\/P8tv7g-c","jetpack-related-posts":[{"id":920,"url":"https:\/\/freitagsworte.de\/index.php\/podcasts\/","url_meta":{"origin":12,"position":0},"title":"Podcasts","date":"12. Dezember 2018","format":false,"excerpt":"","rel":"","context":"\u00c4hnlicher Beitrag","img":{"alt_text":"","src":"","width":0,"height":0},"classes":[]},{"id":20,"url":"https:\/\/freitagsworte.de\/index.php\/ueber-freitagsworte\/","url_meta":{"origin":12,"position":1},"title":"\u00dcber Freitagsworte","date":"13. M\u00e4rz 2017","format":false,"excerpt":"Freitagsworte \u2013 das ist zun\u00e4chst ein Experiment. Wir als Redaktion sind davon \u00fcberzeugt, dass sich deutschsprachige Muslime f\u00fcr die Vermittlung ihrer Glaubensinhalte einer neuen Sprache bedienen m\u00fcssen. Momentan entstehen Texte von Muslimen \u00fcber den Islam \u2013 jedenfalls solche mit dem Anspruch religi\u00f6ser Wahrheit \u2013 noch als Transferleistung aus einer anderen\u2026","rel":"","context":"\u00c4hnlicher Beitrag","img":{"alt_text":"","src":"","width":0,"height":0},"classes":[]},{"id":43,"url":"https:\/\/freitagsworte.de\/index.php\/kontakt\/","url_meta":{"origin":12,"position":2},"title":"Kontakt","date":"14. M\u00e4rz 2017","format":false,"excerpt":"Nutzen Sie f\u00fcr Anfragen, Anregungen und Kritik an die Redaktion unser Kontaktformular:","rel":"","context":"\u00c4hnlicher Beitrag","img":{"alt_text":"","src":"","width":0,"height":0},"classes":[]}],"_links":{"self":[{"href":"https:\/\/freitagsworte.de\/index.php\/wp-json\/wp\/v2\/pages\/12"}],"collection":[{"href":"https:\/\/freitagsworte.de\/index.php\/wp-json\/wp\/v2\/pages"}],"about":[{"href":"https:\/\/freitagsworte.de\/index.php\/wp-json\/wp\/v2\/types\/page"}],"author":[{"embeddable":true,"href":"https:\/\/freitagsworte.de\/index.php\/wp-json\/wp\/v2\/users\/6"}],"replies":[{"embeddable":true,"href":"https:\/\/freitagsworte.de\/index.php\/wp-json\/wp\/v2\/comments?post=12"}],"version-history":[{"count":17,"href":"https:\/\/freitagsworte.de\/index.php\/wp-json\/wp\/v2\/pages\/12\/revisions"}],"predecessor-version":[{"id":1542,"href":"https:\/\/freitagsworte.de\/index.php\/wp-json\/wp\/v2\/pages\/12\/revisions\/1542"}],"wp:attachment":[{"href":"https:\/\/freitagsworte.de\/index.php\/wp-json\/wp\/v2\/media?parent=12"}],"curies":[{"name":"wp","href":"https:\/\/api.w.org\/{rel}","templated":true}]}}